 633156194 and 10362.
3454
Calculate the greatest common factor of 156 and 18628.
4
What is the highest common divisor of 8102540 and 81260?
340
Calculate the highest common factor of 1028 and 24805897.
257
What is the greatest common divisor of 1482 and 2481414?
78
Calculate the greatest common factor of 102985 and 32680.
215
Calculate the greatest common factor of 21795725 and 743785.
9415
What is the greatest common divisor of 1740 and 2289260?
580
What is the greatest common factor of 437 and 19502?
1
What is the highest common divisor of 46 and 18248039?
23
Calculate the greatest common factor of 2444 and 3518138.
1222
What is the highest common factor of 1866 and 147170176?
622
Calculate the highest common factor of 103800452 and 10836.
1204
What is the highest common factor of 27966976 and 1024?
512
What is the greatest common divisor of 27425 and 85530?
5
What is the greatest common divisor of 207 and 94776537?
69
Calculate the greatest common divisor of 80685650 and 40.
10
What is the highest common divisor of 8576 and 209498816?
4288
Calculate the highest common divisor of 13 and 1050917257.
13
What is the greatest common factor of 39107272 and 8?
8
Calculate the greatest common factor of 593579 and 4389.
133
What is the highest common divisor of 84 and 4794188?
28
Calculate the highest common factor of 2928564 and 927.
9
Calculate the greatest common divisor of 1089 and 315837.
9
Calculate the highest common divisor of 8306 and 592819985.
4153
Calculate the greatest common factor of 16780734 and 1054.
1054
Calculate the highest common factor of 1776 and 8314080.
48
Calculate the greatest common factor of 2832805 and 855.
95
Calculate the greatest common factor of 12552842 and 148.
74
What is the highest common divisor of 4326 and 9611?
7
What is the greatest common factor of 2214579 and 6?
3
Calculate the highest common factor of 4991 and 10621561.
713
Calculate the highest common divisor of 1405 and 32979565.
1405
Calculate the greatest common divisor of 44031 and 5213.
13
Calculate the highest common factor of 617304 and 496.
8
Calculate the highest common factor of 10 and 76910730.
10
Calculate the greatest common factor of 369966 and 19406.
626
What is the highest common divisor of 17750510 and 1580?
790
Calculate the highest common factor of 135009210 and 2940.
1470
What is the highest common factor of 43409510 and 1610?
230
What is the highest common divisor of 37300 and 599411?
373
What is the highest common divisor of 5970956 and 20?
4
Calculate the greatest common divisor of 560312 and 208.
8
What is the highest common divisor of 61261062 and 12?
6
What is the highest common divisor of 9394812 and 73332?
756
What is the greatest common divisor of 1194000 and 960?
240
Calculate the highest common divisor of 162954 and 138798.
198
Calculate the greatest common divisor of 74272185 and 6.
3
Calculate the highest common factor of 979927 and 29627.
559
What is the greatest common factor of 10505 and 1527020?
55
Calculate the greatest common divisor of 2668 and 88191407.
667
What is the highest common factor of 28 and 4825562?
14
What is the greatest common factor of 1172 and 139702107?
293
What is the greatest common factor of 12398346 and 10282?
194
What is the highest common divisor of 11277 and 1118034?
1611
What is the greatest common divisor of 24 and 940456?
8
What is the highest common divisor of 467106 and 3554787?
1839
Calculate the greatest common factor of 299867855 and 35.
35
What is the highest common factor of 2560128 and 9153?
339
Calculate the highest common factor of 75200 and 4112.
16
Calculate the greatest common divisor of 61294 and 108138746.
3226
Calculate the greatest common factor of 144812 and 1148.
164
Calculate the highest common divisor of 29419838 and 1.
1
What is the greatest common divisor of 2863773545 and 185?
185
Calculate the highest common divisor of 4619 and 1119437.
149
Calculate the highest common factor of 3339 and 24327.
477
Calculate the highest common divisor of 451 and 921679.
11
Calculate the greatest common divisor of 10 and 1113375.
5
Calculate the highest common divisor of 611723 and 3379.
31
What is the highest common divisor of 1846458 and 9234?
342
Calculate the greatest common divisor of 15 and 8697145.
5
Calculate the greatest common factor of 19838805 and 315.
105
Calculate the greatest common divisor of 126 and 4881.
3
Calculate the greatest common factor of 88 and 9763061.
11
What is the greatest common factor of 855 and 26382735?
855
What is the greatest common divisor of 8076 and 10028373?
2019
Calculate the greatest common factor of 115 and 249295.
5
What is the highest common divisor of 6786 and 18232110?
234
What is the highest common divisor of 316 and 113543303?
79
Calculate the highest common factor of 8646 and 2334420.
8646
Calculate the highest common divisor of 450303 and 6550575.
1569
Calculate the highest common factor of 345 and 66958405.
115
What is the highest common factor of 277575 and 753975?
75
Calculate the greatest common divisor of 4 and 17385920.
4
What is the highest common factor of 1274247 and 3393?
117
Calculate the highest common divisor of 1530 and 16063470.
1530
Calculate the highest common divisor of 6087475 and 45100.
1025
What is the greatest common divisor of 240056 and 32?
8
Calculate the highest common factor of 966 and 404834178.
966
Calculate the highest common factor of 99964 and 102376.
268
What is the highest common factor of 411966 and 28280703?
7629
Calculate the highest common divisor of 1595140 and 1420.
20
Calculate the highest common divisor of 428 and 2482079.
107
Calculate the greatest common divisor of 490195 and 61115.
85
Calculate the greatest common divisor of 46 and 160254271.
23
Calculate the greatest common divisor of 5555 and 808.
101
Calculate the highest common factor of 924 and 438754008.
924
What is the highest common factor of 1743418 and 1645?
47
Calculate the greatest common divisor of 1642010 and 300.
10
Calculate the highest common factor of 1914 and 1421904.
66
Calculate the greatest common divisor of 810 and 41137470.
810
What is the greatest common divisor of 1010896 and 9200?
368
Calculate the greatest common factor of 1974340 and 740.
20
Calculate the highest common divisor of 6201 and 52507.
13
What is the greatest common divisor of 391977 and 925389?
4041
What is the highest common divisor of 3038 and 524258?
14
Calculate the greatest common factor of 26480 and 735120.
80
What is the greatest common divisor of 403 and 1643616?
13
Calculate the greatest common divisor of 4659466 and 177.
59
What is the greatest common factor of 48 and 145365936?
48
Calculate the greatest common divisor of 13024 and 1303865200.
6512
Calculate the highest common divisor of 12952 and 1866707.
1619
What is the greatest common divisor of 4964 and 6940?
4
Calculate the highest common divisor of 119511 and 304241.
49
Calculate the highest common factor of 2038 and 414494554.
2038
Calculate the highest common divisor of 2300454 and 72558.
522
What is the highest common factor of 11460282 and 57?
3
What is the greatest common factor of 1720236 and 6972?
84
Calculate the greatest common divisor of 308 and 1459458.
154
What is the greatest common divisor of 160068784 and 8?
8
Calculate the greatest common divisor of 109153 and 902.
11
Calculate the highest common factor of 1675805 and 205.
5
What is the greatest common divisor of 52142912 and 512?
64
Calculate the highest common factor of 936 and 29626636.
52
What is the highest common factor of 3896 and 589640?
8
What is the greatest common factor of 9435 and 5478517665?
9435
Calculate the greatest common divisor of 24487 and 103679.
521
What is the greatest common factor of 1711 and 584263?
29
Calculate the highest common factor of 146239874 and 726.
242
Calculate the greatest common divisor of 143275 and 51975.
275
Calculate the greatest common divisor of 1544738 and 1862.
38
What is the highest common factor of 132033814 and 88?
22
What is the greatest common factor of 43059384 and 162?
54
What is the highest common factor of 35550531 and 2012?
503
What is the greatest common divisor of 4760 and 12458960?
680
What is the highest common factor of 35476192 and 8300?
332
Wha